 l(p) be the first derivative of x(p). Calculate l(-5).
-2
Let k(b) = b - 3. Let n = -10 + 4. Let j(d) = -11*d**2 - 3*d - 19. Let w(m) = -5*m**2 - m - 9. Let z(u) = -6*j(u) + 13*w(u). Let l be z(n). Give k(l).
0
Suppose 4*y + 5*f - 2 - 25 = 0, -y + 5*f - 12 = 0. Suppose -z + 2*n + 2 + 2 = 0, -2*n = -2*z + 4. Let w(j) = -2*j**2 + 3 + j**2 + z*j**2 + 3*j - 1. Give w(y).
2
Let x(i) = -2*i - 2. Let w be -4*(2 + (-22)/8). Let y be 4/10 - (-14)/(-10). Let t = y + w. Give x(t).
-6
Let s(w) = w**3 - 4*w**2 - 11*w + 20. Let h be s(5). Let p(f) = f**2 + 10*f + 5. What is p(h)?
5
Let l be (-2 + -3)*(-2)/(-2). Let v = 0 + l. Let o(u) = -u**2 - 6*u - 2. What is o(v)?
3
Let u be (-44)/(-24) + 1/6. Let i(c) = 1 + 7*c**2 - 5*c**2 + 0*c**u. Let b be 3/1*(-3)/(-9). Calculate i(b).
3
Let q(g) = -7 + 0 + 4 + 5. Let a(w) = w + 17. Let y(f) = -2*a(f) + 18*q(f). Determine y(2).
-2
Suppose -4*l - 4 = 0, 0 = -3*s + 2*l - 3*l + 5. Suppose 2*n + 4*c + 26 = 2, s*n + 2*c = -18. Let v(f) = -f**2 - 7*f - 3. Determine v(n).
3
Suppose 2*o = -5 + 7. Let h(y) = 0 + 2*y + 0*y + o + 5*y**3. Give h(-1).
-6
Let h(j) = 6 + 5*j**2 - 13*j + 14*j - 4. Let s(i) = 10*i**2 + i + 3. Let t(c) = -5*h(c) + 3*s(c). What is t(-1)?
6
Let k(q) = -5*q - 5. Let g(n) = 14*n + 15. Let r(b) = -4*g(b) - 11*k(b). Let i(x) = -2*x**2 + 3*x + 2. Let z be i(-1). What is r(z)?
-2
Let j(y) be the third derivative of y**5/20 + 2*y**2. Let r be (-2)/(-8) + 6/8. Let g be j(r). Let z(x) = x**2 - 4*x + 2. Give z(g).
-1
Let g(d) = -d**3 - 8*d**2 - 6*d + 8. Let r be g(-7). Let w(a) = a + a - 1 - a - 7*a**2. What is w(r)?
-7
Let z(m) be the second derivative of m**3/6 + 19*m. Determine z(-7).
-7
Let s = -12 - -4. Let d be 2/8 - 14/s. Let x(h) = h**2 - 3*h - 1. Calculate x(d).
-3
Let m(d) = -d**2 + 4*d - 3. Let u(q) = -2*q + 1. Let z be u(3). Let t be (2/z)/((-3)/30). Suppose -t*l = 5 - 17. What is m(l)?
0
Let j(a) = -a**3 + 2*a**2 + 3*a + 2. Suppose k = -u + 1, 2*k + 0*u = -4*u + 12. Let p be k/3*(-2 + 5). Let d be (2/p)/(3/(-18)). Determine j(d).
2
Let q(f) = 2*f**2 - 11 - 9 + 23 - 2*f + f**3. Calculate q(2).
15
Suppose -3 = 2*d + 3*c, -3*d + 3*c = -8*d - 21. Let f(g) be the first derivative of g**4/4 + 5*g**3/3 - 3*g**2 - g + 13. What is f(d)?
-1
Let d(x) = -2*x - 7. Let f = 2 - -4. Let w be (-2)/(-6) - (-34)/f. Let p be (10/(-3))/(4/w). Calculate d(p).
3
Let s(v) = 9*v - 1. Let q(o) = 6*o**2 - 4*o - 1. Let w be q(1). Calculate s(w).
8
Let h(r) = 13*r - 7 - r**2 + 0 - 6*r. Give h(5).
3
Let m(a) = a**3 - a**2 + a + 1. Let s(r) = -6*r**3 - r**2 - 4*r - 4. Let t(c) = -5*m(c) - s(c). Let x = -44 - -38. Calculate t(x).
5
Let t be (-51)/(-6) - 2/4. Let x be 4/(-16) - (-18)/t. Let n(h) = -4*h**x - 6*h + 6*h. Give n(-1).
-4
Let j(u) = u - 1. Let p = 4 - 6. What is j(p)?
-3
Let y(z) = -z**3 + z. Let p = -3 - -3. Suppose -3*j + 15 = -p*j. Let w(b) = 3*b**3 + 2*b**2 - 3*b + 1. Let x(n) = j*y(n) + w(n). What is x(-1)?
3
Let v(o) = -5*o**3 + 2*o**2 - o. Let a be 10/7 - (-63)/(-147). What is v(a)?
-4
Let a(t) = 2*t - 90*t**3 + 10*t**2 + 91*t**3 - 14*t - 2. Calculate a(-11).
9
Let z(r) = r - 1. Suppose 0*o = -2*o + 3*a - 1, 3*a = 4*o + 11. Let l be (2*(-2 - 0))/(-2). Let u = l + o. What is z(u)?
-4
Suppose -12 = -2*c - 2. Suppose -c*p - 2*l - 1 + 5 = 0, -4*l = 3*p - 8. Suppose -3*m + f = -p*f - 4, m = -5*f + 28. Let q(j) = j**2 - 4*j + 3. Determine q(m).
0
Let z(m) be the second derivative of -m**4/12 + 5*m**3/6 - m**2/2 - 3*m. Determine z(5).
-1
Let t = 37 - 20. Let h be 3*(t/3 - 2). Suppose 0*j = 3*j - g - 19, g = -3*j + h. Let y(q) = q - 3. What is y(j)?
2
Let x(b) = -b**2 - 3*b + 4. Let j(l) = -2*l**2 - 10*l - 4. Let n be j(-5). Give x(n).
0
Suppose -2*m - 4 = 3*q - 4*q, 3*q - 12 = 0. Let s(f) be the first derivative of f**3/3 + 3*f - 3. What is s(m)?
3
Let t(x) be the second derivative of -5*x + 0 + 0*x**3 - 1/2*x**2 - 1/3*x**4. Determine t(1).
-5
Let a(m) = 3*m**3 - 7*m**2 - 7*m + 6. Let w(z) = z**3 - z**2 + 1. Let p(v) = a(v) - 2*w(v). Let d(u) = u**3 + 7*u**2 + 12*u + 16. Let h be d(-5). Give p(h).
-2
Let v(l) = -3*l - 1. Let k be v(-1). Let p(f) be the third derivative of 0*f + 1/6*f**3 + 0 + 2*f**k - 1/24*f**4. Calculate p(5).
-4
Let z(p) be the third derivative of -1/8*p**4 + 0 - p**2 - 1/2*p**3 + 0*p. Suppose -2 = 3*i - 2*i. Give z(i).
3
Let z(o) = -o**3 - o + 1. Let b(t) = -t**3 - t**2 - 5*t + 6. Let g(n) = -b(n) + 5*z(n). Give g(1).
-4
Let n(p) = 1. Let z(x) = x - 1. Let i(r) = -r - 13. Suppose 0 = -6*g + g - 2*j - 38, 2*j = -3*g - 22. Let k be i(g). Let t(u) = k*n(u) - z(u). Determine t(-3).
-1
Let r(d) = d**3 + 5*d**2 - 6*d - 2. Let g = 118 - 124. Calculate r(g).
-2
Let d(r) = -11*r**2 + 0 - r**3 - 9 + 2*r**2 - 871*r + 864*r. Determine d(-8).
-17
Let y(f) be the first derivative of 4*f**2 + 3*f + 1. Let n(d) = 9*d + 3. Let q(a) = 3*n(a) - 4*y(a). Determine q(-3).
12
Let i(n) = -5*n + 9. Let b(c) = -2*c + 4. Let s(v) = -14*b(v) + 6*i(v). What is s(-2)?
2
Let v(i) = -2*i + 3. Suppose 0 = -4*x + 3*b - 14, 2*x + 4 = 3*b - 0. Let z(k) = 0*k**3 + 3*k - 9*k + 0*k**3 + 4*k**2 + k**3. Let q be z(x). Calculate v(q).
-7
Suppose n - q - 3 = 0, -2 = -n - 3*q + 1. Let z(s) = 0*s + 1 - n*s + s**3 + 0*s + 3*s**2. Determine z(-4).
-3
Let z(n) = 2*n**2 + 4*n + 2. Let b = 58 + -60. Determine z(b).
2
Let i(g) = 7*g + 8. Let b(h) = -10*h - 12. Let t(l) = -5*b(l) - 7*i(l). Suppose 13 + 3 = 4*y. Suppose -3*q + 3*d = -5*q, 2*q = -y*d. Calculate t(q).
4
Suppose 3*u - 5*a = 23, 3*u = 2*a + 7 + 13. Let i be (-12)/8*(-8)/u. Let h(l) = 3*l - 1. Let n(t) = 9*t - 3. Let p(m) = 7*h(m) - 2*n(m). What is p(i)?
5
Let u(o) = o**3 + 3*o**2 + o + 1. Suppose 5*i = -0*p - 2*p - 45, -80 = 5*i - 5*p. Let q = 9 + i. Give u(q).
3
Let o(l) = -l**3 + 12*l**2 - 10*l - 7. Let v be o(11). Let w(g) be the first derivative of g**2/2 - 5*g + 1. Determine w(v).
-1
Let x = -1 + -2. Let t = -1 - x. Let m(c) = -3*c**3 + 4*c**3 - 2*c**3 + 3*c**2 - 3*c. Determine m(t).
-2
Let n(o) be the third derivative of -o**4/6 - o**3/6 - o**2. Suppose 0 = 3*c - 8*c. Let b be (-2)/(2 + c/1). Calculate n(b).
3
Let a(f) be the first derivative of 0*f**2 + 1/4*f**4 - 2 + 5/3*f**3 - 5*f. Calculate a(-5).
-5
Let p be 2*1*-1*2. Let m(k) be the second derivative of -1/20*k**5 - 1/2*k**4 - 7/6*k**3 + 0 - 5/2*k**2 - 2*k. Determine m(p).
-9
Let d(o) be the first derivative of o**3/3 + 2*o**2 + o + 2. Determine d(-5).
6
Suppose 5*z + 1 = 6. Let d(g) = -8*g**3 - g + 1. What is d(z)?
-8
Let l(i) = i. Let b(p) = 5*p + 10. Let w(o) = b(o) - 4*l(o). Give w(-5).
5
Let x(n) = n**3 + 5*n**2 + 7*n + 5. Let t be (5/(15/6))/1. Suppose -3*d + t + 31 = 0. Suppose d = -3*c + 2, 0 = 2*z + 5*c + 23. Determine x(z).
-7
Let g(n) = n. Let r(k) = -3*k - 5. Let t(b) = -5*g(b) - r(b). Let p = 13 - 8. What is t(p)?
-5
Suppose -2*c = -0*p + 3*p - 11, -5*p = c - 23. Let s(f) = 17*f - 8*f - 11 - 8*f. Determine s(p).
-6
Suppose -g - 3*g + 12 = 0. Let b(p) = -2*p**3 + 4*p**2 + 0*p**3 + 1 + p - 2*p**g + 5*p**3. Give b(-3).
7
Let g = 1 - 5. Let p = -3 - g. Let f(s) = s - 1. Let r(a) = -2*a + 1. Let d(j) = 5*f(j) + 5*r(j). What is d(p)?
-5
Let b be (5 + 2 - -2)/(-1). Let h(t) = t + 12. Let s be h(b). Let w(j) = -j**3 + 4*j**2 - 3*j - 3. What is w(s)?
-3
Let s(p) = -p - 8. Let h be s(-6). Let b be (h - -1)/(-1)*1. Let u = -5 + b. Let y(l) = l**3 + 3*l**2 - 2*l + 4. Calculate y(u).
-4
Let y(m) = -2*m**2 + 2*m - 2. Let z(t) = t**3 + 7*t**2 + t + 9. Suppose -39 = 5*h - 4*a, h + 0*a + 10 = 3*a. Let d be z(h). Let n = 0 + d. Give y(n).
-6
Let g(c) be the first derivative of -c**2 + 3*c + 11. Determine g(6).
-9
Let x(y) = -4*y + 1. Suppose 5*g = -8 + 13. Calculate x(g).
-3
Let t(o) = o**2. Let g(a) = -a**3 - 7*a**2 + 2*a + 2. Let h(q) = -g(q) + 2*t(q). Determine h(-9).
16
Let k(j) be the second derivative of -j**4/12 + j**3/6 - 4*j. Give k(3).
-6
Let p be 34/51 - 16/6. Suppose 5 - 2 = g. Let j(d) = -7 + 3 + 1 - g*d. Calculate j(p).
3
Let d(y) = -5*y**2 + 1. Suppose -6 + 3 = -m + r, r + 1 = 0. Suppose 0 = -k - 2*a - 9, 0 = -k + m*a + a + 11. Calculate d(k).
-4
Let d(p) = -9*p + 1 + 25*p - 18*p - 5. Calculate d(-4).
4
Suppose -4*i = -2*i. Let m(s) be the second derivative of -3/20*s**5 + 0*s**3 + i*s**4 + 1/2*s**2 - s + 0. Calculate m(-1).
4
Suppose 4*u - 5*u = -3. Suppose -1 + 4 = -u*w. Let y(g) = -9*g**2 + 3*g - 5. Let r(l) = 